{"id":4813,"date":"2022-08-08T10:37:16","date_gmt":"2022-08-08T08:37:16","guid":{"rendered":"https:\/\/usedsoft.dev.bitdivision.de\/i\/?page_id=4813"},"modified":"2023-04-06T15:46:59","modified_gmt":"2023-04-06T13:46:59","slug":"virtualisierung","status":"publish","type":"page","link":"https:\/\/www.usedsoft.com\/i\/virtualisierung\/","title":{"rendered":"Virtualisierung"},"content":{"rendered":"<p>[vc_section][vc_row][vc_column][vc_column_text el_class=&#8220;headline&#8220;]<\/p>\n<h1>Virtualisierung<\/h1>\n<p>[\/vc_column_text][\/vc_column][\/vc_row][\/vc_section][vc_section][vc_row][vc_column width=&#8220;1\/2&#8243;][vc_column_text el_class=&#8220;subheadline&#8220;]Server-Virtualisierung\u00a0meint die Ausf\u00fchrung von Anwendungsservern, die in virtuellen Maschinen auf einem physischen Server laufen. Dies geschieht mit dazu geh\u00f6riger Virtualisierungssoftware. Wie oft ein Server virtualisiert werden darf, h\u00e4ngt davon ab, ob es sich um eine Standard-, Enterprise- oder Datacenter-Version des Servers handelt.[\/vc_column_text][\/vc_column][vc_column width=&#8220;1\/2&#8243;][vc_column_text]Quelle: <a href=\"http:\/\/de.wikipedia.org\/wiki\/Server-Virtualisierung\" target=\"_blank\" rel=\"noopener\">Wikipedia-Artikel Server-Virtualisierung<\/a>[\/vc_column_text][\/vc_column][\/vc_row][\/vc_section]<\/p>\n","protected":false},"excerpt":{"rendered":"<p>[vc_section][vc_row][vc_column][vc_column_text el_class=&#8220;headline&#8220;] Virtualisierung [\/vc_column_text][\/vc_column][\/vc_row][\/vc_section][vc_section][vc_row][vc_column width=&#8220;1\/2&#8243;][vc_column_text el_class=&#8220;subheadline&#8220;]Server-Virtualisierung\u00a0meint die Ausf\u00fchrung von Anwendungsservern, die in virtuellen Maschinen auf einem physischen Server laufen. Dies geschieht mit dazu geh\u00f6riger Virtualisierungssoftware. Wie oft ein Server virtualisiert werden darf, h\u00e4ngt davon ab, ob es sich um eine Standard-, Enterprise- oder Datacenter-Version des Servers handelt.[\/vc_column_text][\/vc_column][vc_column width=&#8220;1\/2&#8243;][vc_column_text]Quelle: Wikipedia-Artikel Server-Virtualisierung[\/vc_column_text][\/vc_column][\/vc_row][\/vc_section]<\/p>\n","protected":false},"author":5,"featured_media":0,"parent":0,"menu_order":0,"comment_status":"closed","ping_status":"closed","template":"","meta":{"footnotes":""},"class_list":["post-4813","page","type-page","status-publish","hentry"],"yoast_head":"<!-- This site is optimized with the Yoast SEO plugin v23.3 - https:\/\/yoast.com\/wordpress\/plugins\/seo\/ -->\n<title>Gebrauchtsoftware-Glossar: Virtualisierung<\/title>\n<meta name=\"description\" content=\"Wie oft ein Server virtualisiert werden darf, h\u00e4ngt davon ab, um welche Version es sich handelt. Alles dazu in unserem Glossar.\" \/>\n<meta name=\"robots\" content=\"index, follow, max-snippet:-1, max-image-preview:large, max-video-preview:-1\" \/>\n<link rel=\"canonical\" href=\"https:\/\/www.usedsoft.com\/i\/virtualisierung\/\" \/>\n<meta property=\"og:locale\" content=\"de_DE\" \/>\n<meta property=\"og:type\" content=\"article\" \/>\n<meta property=\"og:title\" content=\"Gebrauchtsoftware-Glossar: Virtualisierung\" \/>\n<meta property=\"og:description\" content=\"Wie oft ein Server virtualisiert werden darf, h\u00e4ngt davon ab, um welche Version es sich handelt. Alles dazu in unserem Glossar.\" \/>\n<meta property=\"og:url\" content=\"https:\/\/www.usedsoft.com\/i\/virtualisierung\/\" \/>\n<meta property=\"og:site_name\" content=\"usedSoft\" \/>\n<meta property=\"article:modified_time\" content=\"2023-04-06T13:46:59+00:00\" \/>\n<meta name=\"twitter:card\" content=\"summary_large_image\" \/>\n<meta name=\"twitter:label1\" content=\"Gesch\u00e4tzte Lesezeit\" \/>\n\t<meta name=\"twitter:data1\" content=\"1\u00a0Minute\" \/>\n<script type=\"application\/ld+json\" class=\"yoast-schema-graph\">{\"@context\":\"https:\/\/schema.org\",\"@graph\":[{\"@type\":\"WebPage\",\"@id\":\"https:\/\/www.usedsoft.com\/i\/virtualisierung\/\",\"url\":\"https:\/\/www.usedsoft.com\/i\/virtualisierung\/\",\"name\":\"Gebrauchtsoftware-Glossar: Virtualisierung\",\"isPartOf\":{\"@id\":\"https:\/\/www.usedsoft.com\/i\/#website\"},\"datePublished\":\"2022-08-08T08:37:16+00:00\",\"dateModified\":\"2023-04-06T13:46:59+00:00\",\"description\":\"Wie oft ein Server virtualisiert werden darf, h\u00e4ngt davon ab, um welche Version es sich handelt. Alles dazu in unserem Glossar.\",\"breadcrumb\":{\"@id\":\"https:\/\/www.usedsoft.com\/i\/virtualisierung\/#breadcrumb\"},\"inLanguage\":\"de\",\"potentialAction\":[{\"@type\":\"ReadAction\",\"target\":[\"https:\/\/www.usedsoft.com\/i\/virtualisierung\/\"]}]},{\"@type\":\"BreadcrumbList\",\"@id\":\"https:\/\/www.usedsoft.com\/i\/virtualisierung\/#breadcrumb\",\"itemListElement\":[{\"@type\":\"ListItem\",\"position\":1,\"name\":\"Startseite\",\"item\":\"https:\/\/www.usedsoft.com\/i\/\"},{\"@type\":\"ListItem\",\"position\":2,\"name\":\"Virtualisierung\"}]},{\"@type\":\"WebSite\",\"@id\":\"https:\/\/www.usedsoft.com\/i\/#website\",\"url\":\"https:\/\/www.usedsoft.com\/i\/\",\"name\":\"usedSoft\",\"description\":\"\",\"potentialAction\":[{\"@type\":\"SearchAction\",\"target\":{\"@type\":\"EntryPoint\",\"urlTemplate\":\"https:\/\/www.usedsoft.com\/i\/?s={search_term_string}\"},\"query-input\":\"required name=search_term_string\"}],\"inLanguage\":\"de\"}]}<\/script>\n<!-- \/ Yoast SEO plugin. -->","yoast_head_json":{"title":"Gebrauchtsoftware-Glossar: Virtualisierung","description":"Wie oft ein Server virtualisiert werden darf, h\u00e4ngt davon ab, um welche Version es sich handelt. Alles dazu in unserem Glossar.","robots":{"index":"index","follow":"follow","max-snippet":"max-snippet:-1","max-image-preview":"max-image-preview:large","max-video-preview":"max-video-preview:-1"},"canonical":"https:\/\/www.usedsoft.com\/i\/virtualisierung\/","og_locale":"de_DE","og_type":"article","og_title":"Gebrauchtsoftware-Glossar: Virtualisierung","og_description":"Wie oft ein Server virtualisiert werden darf, h\u00e4ngt davon ab, um welche Version es sich handelt. Alles dazu in unserem Glossar.","og_url":"https:\/\/www.usedsoft.com\/i\/virtualisierung\/","og_site_name":"usedSoft","article_modified_time":"2023-04-06T13:46:59+00:00","twitter_card":"summary_large_image","twitter_misc":{"Gesch\u00e4tzte Lesezeit":"1\u00a0Minute"},"schema":{"@context":"https:\/\/schema.org","@graph":[{"@type":"WebPage","@id":"https:\/\/www.usedsoft.com\/i\/virtualisierung\/","url":"https:\/\/www.usedsoft.com\/i\/virtualisierung\/","name":"Gebrauchtsoftware-Glossar: Virtualisierung","isPartOf":{"@id":"https:\/\/www.usedsoft.com\/i\/#website"},"datePublished":"2022-08-08T08:37:16+00:00","dateModified":"2023-04-06T13:46:59+00:00","description":"Wie oft ein Server virtualisiert werden darf, h\u00e4ngt davon ab, um welche Version es sich handelt. Alles dazu in unserem Glossar.","breadcrumb":{"@id":"https:\/\/www.usedsoft.com\/i\/virtualisierung\/#breadcrumb"},"inLanguage":"de","potentialAction":[{"@type":"ReadAction","target":["https:\/\/www.usedsoft.com\/i\/virtualisierung\/"]}]},{"@type":"BreadcrumbList","@id":"https:\/\/www.usedsoft.com\/i\/virtualisierung\/#breadcrumb","itemListElement":[{"@type":"ListItem","position":1,"name":"Startseite","item":"https:\/\/www.usedsoft.com\/i\/"},{"@type":"ListItem","position":2,"name":"Virtualisierung"}]},{"@type":"WebSite","@id":"https:\/\/www.usedsoft.com\/i\/#website","url":"https:\/\/www.usedsoft.com\/i\/","name":"usedSoft","description":"","potentialAction":[{"@type":"SearchAction","target":{"@type":"EntryPoint","urlTemplate":"https:\/\/www.usedsoft.com\/i\/?s={search_term_string}"},"query-input":"required name=search_term_string"}],"inLanguage":"de"}]}},"_links":{"self":[{"href":"https:\/\/www.usedsoft.com\/i\/wp-json\/wp\/v2\/pages\/4813","targetHints":{"allow":["GET"]}}],"collection":[{"href":"https:\/\/www.usedsoft.com\/i\/wp-json\/wp\/v2\/pages"}],"about":[{"href":"https:\/\/www.usedsoft.com\/i\/wp-json\/wp\/v2\/types\/page"}],"author":[{"embeddable":true,"href":"https:\/\/www.usedsoft.com\/i\/wp-json\/wp\/v2\/users\/5"}],"replies":[{"embeddable":true,"href":"https:\/\/www.usedsoft.com\/i\/wp-json\/wp\/v2\/comments?post=4813"}],"version-history":[{"count":1,"href":"https:\/\/www.usedsoft.com\/i\/wp-json\/wp\/v2\/pages\/4813\/revisions"}],"predecessor-version":[{"id":4814,"href":"https:\/\/www.usedsoft.com\/i\/wp-json\/wp\/v2\/pages\/4813\/revisions\/4814"}],"wp:attachment":[{"href":"https:\/\/www.usedsoft.com\/i\/wp-json\/wp\/v2\/media?parent=4813"}],"curies":[{"name":"wp","href":"https:\/\/api.w.org\/{rel}","templated":true}]}}