{"id":4809,"date":"2022-08-08T10:34:06","date_gmt":"2022-08-08T08:34:06","guid":{"rendered":"https:\/\/usedsoft.dev.bitdivision.de\/i\/?page_id=4809"},"modified":"2023-04-06T15:53:22","modified_gmt":"2023-04-06T13:53:22","slug":"verfuegungsfreiheit-ueber-das-eigentum","status":"publish","type":"page","link":"https:\/\/www.usedsoft.com\/i\/verfuegungsfreiheit-ueber-das-eigentum\/","title":{"rendered":"Verf\u00fcgungsfreiheit \u00fcber das Eigentum"},"content":{"rendered":"<p>[vc_section][vc_row][vc_column][vc_column_text el_class=&#8220;headline&#8220;]<\/p>\n<h1>Verf\u00fcgungsfreiheit \u00fcber das Eigentum<\/h1>\n<p>[\/vc_column_text][\/vc_column][\/vc_row][\/vc_section][vc_section][vc_row][vc_column width=&#8220;1\/2&#8243;][vc_column_text el_class=&#8220;subheadline&#8220;]Die Verf\u00fcgungsfreiheit \u00fcber das Eigentum kennzeichnet ein prinzipiell unbeschr\u00e4nktes dingliches Beherrschungsrecht des Eigent\u00fcmers und beinhaltet sowohl Nutzungs- als auch Verwertungsrechte. Diese umfassenden Rechte sind im B\u00fcrgerlichen Gesetzbuch (\u00a7\u00a7 903 ff. BGB) niedergelegt.[\/vc_column_text][\/vc_column][vc_column width=&#8220;1\/2&#8243;][vc_column_text]Auch wenn deren Aus\u00fcbung durch Gesetze oder Rechte Dritter eingeschr\u00e4nkt werden kann, wie \u00a7 903 hervorhebt, ist nicht nachvollziehbar, dass der K\u00e4ufer einer Software \u00fcber das Eigentum daran nach Erstattung eines Kaufpreises nicht frei verf\u00fcgen k\u00f6nnen soll. Dies k\u00e4me, wie Kunden gegen\u00fcber usedSoft Gesch\u00e4ftsf\u00fchrer Peter Schneider mit Bezug auf das Oracle-Urteil des Landgerichts M\u00fcnchen I betonten, einer Quasi-Enteignung gleich. Die f\u00fcr einen Kaufvertrag kennzeichnende Eigentums\u00fcbertragung w\u00fcrde demnach gar nicht stattfinden.[\/vc_column_text][\/vc_column][\/vc_row][\/vc_section]<\/p>\n","protected":false},"excerpt":{"rendered":"<p>[vc_section][vc_row][vc_column][vc_column_text el_class=&#8220;headline&#8220;] Verf\u00fcgungsfreiheit \u00fcber das Eigentum [\/vc_column_text][\/vc_column][\/vc_row][\/vc_section][vc_section][vc_row][vc_column width=&#8220;1\/2&#8243;][vc_column_text el_class=&#8220;subheadline&#8220;]Die Verf\u00fcgungsfreiheit \u00fcber das Eigentum kennzeichnet ein prinzipiell unbeschr\u00e4nktes dingliches Beherrschungsrecht des Eigent\u00fcmers und beinhaltet sowohl Nutzungs- als auch Verwertungsrechte. Diese umfassenden Rechte sind im B\u00fcrgerlichen Gesetzbuch (\u00a7\u00a7 903 ff. BGB) niedergelegt.[\/vc_column_text][\/vc_column][vc_column width=&#8220;1\/2&#8243;][vc_column_text]Auch wenn deren Aus\u00fcbung durch Gesetze oder Rechte Dritter eingeschr\u00e4nkt werden kann, wie \u00a7 903 [&hellip;]<\/p>\n","protected":false},"author":5,"featured_media":0,"parent":0,"menu_order":0,"comment_status":"closed","ping_status":"closed","template":"","meta":{"footnotes":""},"class_list":["post-4809","page","type-page","status-publish","hentry"],"yoast_head":"<!-- This site is optimized with the Yoast SEO plugin v23.3 - https:\/\/yoast.com\/wordpress\/plugins\/seo\/ -->\n<title>Gebrauchtsoftware-Glossar: Verf\u00fcgungsfreiheit \u00fcber das Eigentum<\/title>\n<meta name=\"description\" content=\"Die Verf\u00fcgungsfreiheit \u00fcber das Eigentum gilt auch f\u00fcr Gebrauchtsoftware. Mehr zum Thema lesen Sie in unsrem Glossar.\" \/>\n<meta name=\"robots\" content=\"index, follow, max-snippet:-1, max-image-preview:large, max-video-preview:-1\" \/>\n<link rel=\"canonical\" href=\"https:\/\/www.usedsoft.com\/i\/verfuegungsfreiheit-ueber-das-eigentum\/\" \/>\n<meta property=\"og:locale\" content=\"de_DE\" \/>\n<meta property=\"og:type\" content=\"article\" \/>\n<meta property=\"og:title\" content=\"Gebrauchtsoftware-Glossar: Verf\u00fcgungsfreiheit \u00fcber das Eigentum\" \/>\n<meta property=\"og:description\" content=\"Die Verf\u00fcgungsfreiheit \u00fcber das Eigentum gilt auch f\u00fcr Gebrauchtsoftware. Mehr zum Thema lesen Sie in unsrem Glossar.\" \/>\n<meta property=\"og:url\" content=\"https:\/\/www.usedsoft.com\/i\/verfuegungsfreiheit-ueber-das-eigentum\/\" \/>\n<meta property=\"og:site_name\" content=\"usedSoft\" \/>\n<meta property=\"article:modified_time\" content=\"2023-04-06T13:53:22+00:00\" \/>\n<meta name=\"twitter:card\" content=\"summary_large_image\" \/>\n<meta name=\"twitter:label1\" content=\"Gesch\u00e4tzte Lesezeit\" \/>\n\t<meta name=\"twitter:data1\" content=\"1\u00a0Minute\" \/>\n<script type=\"application\/ld+json\" class=\"yoast-schema-graph\">{\"@context\":\"https:\/\/schema.org\",\"@graph\":[{\"@type\":\"WebPage\",\"@id\":\"https:\/\/www.usedsoft.com\/i\/verfuegungsfreiheit-ueber-das-eigentum\/\",\"url\":\"https:\/\/www.usedsoft.com\/i\/verfuegungsfreiheit-ueber-das-eigentum\/\",\"name\":\"Gebrauchtsoftware-Glossar: Verf\u00fcgungsfreiheit \u00fcber das Eigentum\",\"isPartOf\":{\"@id\":\"https:\/\/www.usedsoft.com\/i\/#website\"},\"datePublished\":\"2022-08-08T08:34:06+00:00\",\"dateModified\":\"2023-04-06T13:53:22+00:00\",\"description\":\"Die Verf\u00fcgungsfreiheit \u00fcber das Eigentum gilt auch f\u00fcr Gebrauchtsoftware. Mehr zum Thema lesen Sie in unsrem Glossar.\",\"breadcrumb\":{\"@id\":\"https:\/\/www.usedsoft.com\/i\/verfuegungsfreiheit-ueber-das-eigentum\/#breadcrumb\"},\"inLanguage\":\"de\",\"potentialAction\":[{\"@type\":\"ReadAction\",\"target\":[\"https:\/\/www.usedsoft.com\/i\/verfuegungsfreiheit-ueber-das-eigentum\/\"]}]},{\"@type\":\"BreadcrumbList\",\"@id\":\"https:\/\/www.usedsoft.com\/i\/verfuegungsfreiheit-ueber-das-eigentum\/#breadcrumb\",\"itemListElement\":[{\"@type\":\"ListItem\",\"position\":1,\"name\":\"Startseite\",\"item\":\"https:\/\/www.usedsoft.com\/i\/\"},{\"@type\":\"ListItem\",\"position\":2,\"name\":\"Verf\u00fcgungsfreiheit \u00fcber das Eigentum\"}]},{\"@type\":\"WebSite\",\"@id\":\"https:\/\/www.usedsoft.com\/i\/#website\",\"url\":\"https:\/\/www.usedsoft.com\/i\/\",\"name\":\"usedSoft\",\"description\":\"\",\"potentialAction\":[{\"@type\":\"SearchAction\",\"target\":{\"@type\":\"EntryPoint\",\"urlTemplate\":\"https:\/\/www.usedsoft.com\/i\/?s={search_term_string}\"},\"query-input\":\"required name=search_term_string\"}],\"inLanguage\":\"de\"}]}<\/script>\n<!-- \/ Yoast SEO plugin. -->","yoast_head_json":{"title":"Gebrauchtsoftware-Glossar: Verf\u00fcgungsfreiheit \u00fcber das Eigentum","description":"Die Verf\u00fcgungsfreiheit \u00fcber das Eigentum gilt auch f\u00fcr Gebrauchtsoftware. Mehr zum Thema lesen Sie in unsrem Glossar.","robots":{"index":"index","follow":"follow","max-snippet":"max-snippet:-1","max-image-preview":"max-image-preview:large","max-video-preview":"max-video-preview:-1"},"canonical":"https:\/\/www.usedsoft.com\/i\/verfuegungsfreiheit-ueber-das-eigentum\/","og_locale":"de_DE","og_type":"article","og_title":"Gebrauchtsoftware-Glossar: Verf\u00fcgungsfreiheit \u00fcber das Eigentum","og_description":"Die Verf\u00fcgungsfreiheit \u00fcber das Eigentum gilt auch f\u00fcr Gebrauchtsoftware. Mehr zum Thema lesen Sie in unsrem Glossar.","og_url":"https:\/\/www.usedsoft.com\/i\/verfuegungsfreiheit-ueber-das-eigentum\/","og_site_name":"usedSoft","article_modified_time":"2023-04-06T13:53:22+00:00","twitter_card":"summary_large_image","twitter_misc":{"Gesch\u00e4tzte Lesezeit":"1\u00a0Minute"},"schema":{"@context":"https:\/\/schema.org","@graph":[{"@type":"WebPage","@id":"https:\/\/www.usedsoft.com\/i\/verfuegungsfreiheit-ueber-das-eigentum\/","url":"https:\/\/www.usedsoft.com\/i\/verfuegungsfreiheit-ueber-das-eigentum\/","name":"Gebrauchtsoftware-Glossar: Verf\u00fcgungsfreiheit \u00fcber das Eigentum","isPartOf":{"@id":"https:\/\/www.usedsoft.com\/i\/#website"},"datePublished":"2022-08-08T08:34:06+00:00","dateModified":"2023-04-06T13:53:22+00:00","description":"Die Verf\u00fcgungsfreiheit \u00fcber das Eigentum gilt auch f\u00fcr Gebrauchtsoftware. Mehr zum Thema lesen Sie in unsrem Glossar.","breadcrumb":{"@id":"https:\/\/www.usedsoft.com\/i\/verfuegungsfreiheit-ueber-das-eigentum\/#breadcrumb"},"inLanguage":"de","potentialAction":[{"@type":"ReadAction","target":["https:\/\/www.usedsoft.com\/i\/verfuegungsfreiheit-ueber-das-eigentum\/"]}]},{"@type":"BreadcrumbList","@id":"https:\/\/www.usedsoft.com\/i\/verfuegungsfreiheit-ueber-das-eigentum\/#breadcrumb","itemListElement":[{"@type":"ListItem","position":1,"name":"Startseite","item":"https:\/\/www.usedsoft.com\/i\/"},{"@type":"ListItem","position":2,"name":"Verf\u00fcgungsfreiheit \u00fcber das Eigentum"}]},{"@type":"WebSite","@id":"https:\/\/www.usedsoft.com\/i\/#website","url":"https:\/\/www.usedsoft.com\/i\/","name":"usedSoft","description":"","potentialAction":[{"@type":"SearchAction","target":{"@type":"EntryPoint","urlTemplate":"https:\/\/www.usedsoft.com\/i\/?s={search_term_string}"},"query-input":"required name=search_term_string"}],"inLanguage":"de"}]}},"_links":{"self":[{"href":"https:\/\/www.usedsoft.com\/i\/wp-json\/wp\/v2\/pages\/4809","targetHints":{"allow":["GET"]}}],"collection":[{"href":"https:\/\/www.usedsoft.com\/i\/wp-json\/wp\/v2\/pages"}],"about":[{"href":"https:\/\/www.usedsoft.com\/i\/wp-json\/wp\/v2\/types\/page"}],"author":[{"embeddable":true,"href":"https:\/\/www.usedsoft.com\/i\/wp-json\/wp\/v2\/users\/5"}],"replies":[{"embeddable":true,"href":"https:\/\/www.usedsoft.com\/i\/wp-json\/wp\/v2\/comments?post=4809"}],"version-history":[{"count":1,"href":"https:\/\/www.usedsoft.com\/i\/wp-json\/wp\/v2\/pages\/4809\/revisions"}],"predecessor-version":[{"id":4810,"href":"https:\/\/www.usedsoft.com\/i\/wp-json\/wp\/v2\/pages\/4809\/revisions\/4810"}],"wp:attachment":[{"href":"https:\/\/www.usedsoft.com\/i\/wp-json\/wp\/v2\/media?parent=4809"}],"curies":[{"name":"wp","href":"https:\/\/api.w.org\/{rel}","templated":true}]}}