{"id":4762,"date":"2022-08-08T09:33:47","date_gmt":"2022-08-08T07:33:47","guid":{"rendered":"https:\/\/usedsoft.dev.bitdivision.de\/i\/?page_id=4762"},"modified":"2023-04-06T15:06:44","modified_gmt":"2023-04-06T13:06:44","slug":"oem-software","status":"publish","type":"page","link":"https:\/\/www.usedsoft.com\/i\/oem-software\/","title":{"rendered":"OEM-Software"},"content":{"rendered":"<p>[vc_section][vc_row][vc_column][vc_column_text el_class=&#8220;headline&#8220;]<\/p>\n<h1>OEM-Software<\/h1>\n<p>[\/vc_column_text][\/vc_column][\/vc_row][\/vc_section][vc_section][vc_row][vc_column width=&#8220;1\/2&#8243;][vc_column_text el_class=&#8220;subheadline&#8220;]Eine OEM-Version einer Software, die zusammen mit Hardware (wie einem neuen PC) ver\u00e4u\u00dfert wird, kann f\u00fcr den K\u00e4ufer des PCs nicht auf einen bestimmten Vertriebsweg beschr\u00e4nkt werden. Der Erwerber kann diese Software auf einem anderen Vertriebsweg weiterverkaufen, da jedem K\u00e4ufer aufgrund des Ersch\u00f6pfungsgrundsatzes die Weiterverbreitung eines einmal (in Deutschland und der Europ\u00e4ischen Union) mit Zustimmung des Urhebers in Verkehr gelangten Werkes zusteht bzw. das Verbreitungsrecht des Herstellers nach diesem erstmaligen in Verkehr bringen ersch\u00f6pft ist.[\/vc_column_text][\/vc_column][vc_column width=&#8220;1\/2&#8243;][vc_column_text]So entschied derBundesgerichtshof (BGH)\u00a0in seinem Urteil vom 6. Juli 2000 zur Weitergabe von OEM-Software gegen die Klage des Software-Herstellers Microsoft.<\/p>\n<p>Wer also einmal die Original-Software auf einem Vertriebsweg zusammen mit Hardware als OEM-Version erworben hat, kann diese frei weiter verkaufen. Er kann somit das als B\u00fcndel geschn\u00fcrte Paket von Hardware und Software beim Weiterverkauf aufschn\u00fcren (&#8222;unbundling&#8220;). Es gibt lediglich die M\u00f6glichkeit zus\u00e4tzlicher individueller einschr\u00e4nkender Vertragsvereinbarungen zwischen K\u00e4ufer und Hersteller.<\/p>\n<p>Der Hersteller kann also nur einmal vom Verkauf seines Produktes profitieren. Dieses Urteil gilt nicht nur f\u00fcr OEM-Software-Produkte, sondern umso mehr f\u00fcr den Handel mit gebrauchten Software-Lizenzen, die nicht an den Verkauf von Hardware gebunden waren.<\/p>\n<p>Versuche von Software-Herstellern, den\u00a0Handel mit gebrauchten Software-Lizenzen\u00a0durch bestimmte Vertragsbestimmungen zu beschr\u00e4nken, sind demnach grunds\u00e4tzlich unwirksam, nicht nur f\u00fcr OEM-Produkte.<\/p>\n<p>Von eminenter Bedeutung ist nat\u00fcrlich heutzutage f\u00fcr den Softwarehandel das diesbez\u00fcgliche <a href=\"https:\/\/curia.europa.eu\/jcms\/upload\/docs\/application\/pdf\/2012-07\/cp120094de.pdf\" target=\"_blank\" rel=\"noopener\">EuGH-Urteil<\/a>.[\/vc_column_text][\/vc_column][\/vc_row][\/vc_section]<\/p>\n","protected":false},"excerpt":{"rendered":"<p>[vc_section][vc_row][vc_column][vc_column_text el_class=&#8220;headline&#8220;] OEM-Software [\/vc_column_text][\/vc_column][\/vc_row][\/vc_section][vc_section][vc_row][vc_column width=&#8220;1\/2&#8243;][vc_column_text el_class=&#8220;subheadline&#8220;]Eine OEM-Version einer Software, die zusammen mit Hardware (wie einem neuen PC) ver\u00e4u\u00dfert wird, kann f\u00fcr den K\u00e4ufer des PCs nicht auf einen bestimmten Vertriebsweg beschr\u00e4nkt werden. Der Erwerber kann diese Software auf einem anderen Vertriebsweg weiterverkaufen, da jedem K\u00e4ufer aufgrund des Ersch\u00f6pfungsgrundsatzes die Weiterverbreitung eines einmal (in Deutschland und [&hellip;]<\/p>\n","protected":false},"author":5,"featured_media":0,"parent":0,"menu_order":0,"comment_status":"closed","ping_status":"closed","template":"","meta":{"footnotes":""},"class_list":["post-4762","page","type-page","status-publish","hentry"],"yoast_head":"<!-- This site is optimized with the Yoast SEO plugin v23.3 - https:\/\/yoast.com\/wordpress\/plugins\/seo\/ -->\n<title>Gebrauchtsoftware-Glossar: OEM-Software<\/title>\n<meta name=\"description\" content=\"Eine OEM-Version wird in der Regel zusammen mit neuer Hardware verkauft. Unser Glossar kl\u00e4rt \u00fcber den Weiterverkauf ohne die Hardware auf.\" \/>\n<meta name=\"robots\" content=\"index, follow, max-snippet:-1, max-image-preview:large, max-video-preview:-1\" \/>\n<link rel=\"canonical\" href=\"https:\/\/www.usedsoft.com\/i\/oem-software\/\" \/>\n<meta property=\"og:locale\" content=\"de_DE\" \/>\n<meta property=\"og:type\" content=\"article\" \/>\n<meta property=\"og:title\" content=\"Gebrauchtsoftware-Glossar: OEM-Software\" \/>\n<meta property=\"og:description\" content=\"Eine OEM-Version wird in der Regel zusammen mit neuer Hardware verkauft. Unser Glossar kl\u00e4rt \u00fcber den Weiterverkauf ohne die Hardware auf.\" \/>\n<meta property=\"og:url\" content=\"https:\/\/www.usedsoft.com\/i\/oem-software\/\" \/>\n<meta property=\"og:site_name\" content=\"usedSoft\" \/>\n<meta property=\"article:modified_time\" content=\"2023-04-06T13:06:44+00:00\" \/>\n<meta name=\"twitter:card\" content=\"summary_large_image\" \/>\n<meta name=\"twitter:label1\" content=\"Gesch\u00e4tzte Lesezeit\" \/>\n\t<meta name=\"twitter:data1\" content=\"2\u00a0Minuten\" \/>\n<script type=\"application\/ld+json\" class=\"yoast-schema-graph\">{\"@context\":\"https:\/\/schema.org\",\"@graph\":[{\"@type\":\"WebPage\",\"@id\":\"https:\/\/www.usedsoft.com\/i\/oem-software\/\",\"url\":\"https:\/\/www.usedsoft.com\/i\/oem-software\/\",\"name\":\"Gebrauchtsoftware-Glossar: OEM-Software\",\"isPartOf\":{\"@id\":\"https:\/\/www.usedsoft.com\/i\/#website\"},\"datePublished\":\"2022-08-08T07:33:47+00:00\",\"dateModified\":\"2023-04-06T13:06:44+00:00\",\"description\":\"Eine OEM-Version wird in der Regel zusammen mit neuer Hardware verkauft. Unser Glossar kl\u00e4rt \u00fcber den Weiterverkauf ohne die Hardware auf.\",\"breadcrumb\":{\"@id\":\"https:\/\/www.usedsoft.com\/i\/oem-software\/#breadcrumb\"},\"inLanguage\":\"de\",\"potentialAction\":[{\"@type\":\"ReadAction\",\"target\":[\"https:\/\/www.usedsoft.com\/i\/oem-software\/\"]}]},{\"@type\":\"BreadcrumbList\",\"@id\":\"https:\/\/www.usedsoft.com\/i\/oem-software\/#breadcrumb\",\"itemListElement\":[{\"@type\":\"ListItem\",\"position\":1,\"name\":\"Startseite\",\"item\":\"https:\/\/www.usedsoft.com\/i\/\"},{\"@type\":\"ListItem\",\"position\":2,\"name\":\"OEM-Software\"}]},{\"@type\":\"WebSite\",\"@id\":\"https:\/\/www.usedsoft.com\/i\/#website\",\"url\":\"https:\/\/www.usedsoft.com\/i\/\",\"name\":\"usedSoft\",\"description\":\"\",\"potentialAction\":[{\"@type\":\"SearchAction\",\"target\":{\"@type\":\"EntryPoint\",\"urlTemplate\":\"https:\/\/www.usedsoft.com\/i\/?s={search_term_string}\"},\"query-input\":\"required name=search_term_string\"}],\"inLanguage\":\"de\"}]}<\/script>\n<!-- \/ Yoast SEO plugin. -->","yoast_head_json":{"title":"Gebrauchtsoftware-Glossar: OEM-Software","description":"Eine OEM-Version wird in der Regel zusammen mit neuer Hardware verkauft. Unser Glossar kl\u00e4rt \u00fcber den Weiterverkauf ohne die Hardware auf.","robots":{"index":"index","follow":"follow","max-snippet":"max-snippet:-1","max-image-preview":"max-image-preview:large","max-video-preview":"max-video-preview:-1"},"canonical":"https:\/\/www.usedsoft.com\/i\/oem-software\/","og_locale":"de_DE","og_type":"article","og_title":"Gebrauchtsoftware-Glossar: OEM-Software","og_description":"Eine OEM-Version wird in der Regel zusammen mit neuer Hardware verkauft. Unser Glossar kl\u00e4rt \u00fcber den Weiterverkauf ohne die Hardware auf.","og_url":"https:\/\/www.usedsoft.com\/i\/oem-software\/","og_site_name":"usedSoft","article_modified_time":"2023-04-06T13:06:44+00:00","twitter_card":"summary_large_image","twitter_misc":{"Gesch\u00e4tzte Lesezeit":"2\u00a0Minuten"},"schema":{"@context":"https:\/\/schema.org","@graph":[{"@type":"WebPage","@id":"https:\/\/www.usedsoft.com\/i\/oem-software\/","url":"https:\/\/www.usedsoft.com\/i\/oem-software\/","name":"Gebrauchtsoftware-Glossar: OEM-Software","isPartOf":{"@id":"https:\/\/www.usedsoft.com\/i\/#website"},"datePublished":"2022-08-08T07:33:47+00:00","dateModified":"2023-04-06T13:06:44+00:00","description":"Eine OEM-Version wird in der Regel zusammen mit neuer Hardware verkauft. Unser Glossar kl\u00e4rt \u00fcber den Weiterverkauf ohne die Hardware auf.","breadcrumb":{"@id":"https:\/\/www.usedsoft.com\/i\/oem-software\/#breadcrumb"},"inLanguage":"de","potentialAction":[{"@type":"ReadAction","target":["https:\/\/www.usedsoft.com\/i\/oem-software\/"]}]},{"@type":"BreadcrumbList","@id":"https:\/\/www.usedsoft.com\/i\/oem-software\/#breadcrumb","itemListElement":[{"@type":"ListItem","position":1,"name":"Startseite","item":"https:\/\/www.usedsoft.com\/i\/"},{"@type":"ListItem","position":2,"name":"OEM-Software"}]},{"@type":"WebSite","@id":"https:\/\/www.usedsoft.com\/i\/#website","url":"https:\/\/www.usedsoft.com\/i\/","name":"usedSoft","description":"","potentialAction":[{"@type":"SearchAction","target":{"@type":"EntryPoint","urlTemplate":"https:\/\/www.usedsoft.com\/i\/?s={search_term_string}"},"query-input":"required name=search_term_string"}],"inLanguage":"de"}]}},"_links":{"self":[{"href":"https:\/\/www.usedsoft.com\/i\/wp-json\/wp\/v2\/pages\/4762","targetHints":{"allow":["GET"]}}],"collection":[{"href":"https:\/\/www.usedsoft.com\/i\/wp-json\/wp\/v2\/pages"}],"about":[{"href":"https:\/\/www.usedsoft.com\/i\/wp-json\/wp\/v2\/types\/page"}],"author":[{"embeddable":true,"href":"https:\/\/www.usedsoft.com\/i\/wp-json\/wp\/v2\/users\/5"}],"replies":[{"embeddable":true,"href":"https:\/\/www.usedsoft.com\/i\/wp-json\/wp\/v2\/comments?post=4762"}],"version-history":[{"count":1,"href":"https:\/\/www.usedsoft.com\/i\/wp-json\/wp\/v2\/pages\/4762\/revisions"}],"predecessor-version":[{"id":4763,"href":"https:\/\/www.usedsoft.com\/i\/wp-json\/wp\/v2\/pages\/4762\/revisions\/4763"}],"wp:attachment":[{"href":"https:\/\/www.usedsoft.com\/i\/wp-json\/wp\/v2\/media?parent=4762"}],"curies":[{"name":"wp","href":"https:\/\/api.w.org\/{rel}","templated":true}]}}