{"id":3214,"date":"2022-07-14T09:43:11","date_gmt":"2022-07-14T07:43:11","guid":{"rendered":"https:\/\/us.dev.bitdivision.de\/i\/?page_id=3214"},"modified":"2023-04-06T15:43:11","modified_gmt":"2023-04-06T13:43:11","slug":"volumenlizenzen","status":"publish","type":"page","link":"https:\/\/www.usedsoft.com\/i\/volumenlizenzen\/","title":{"rendered":"Volumenlizenzen"},"content":{"rendered":"<p>[vc_section el_class=&#8220;introBlock&#8220;][vc_row][vc_column][vc_single_image image=&#8220;5914&#8243; img_size=&#8220;600&#215;600&#8243; alignment=&#8220;center&#8220;][vc_column_text]<\/p>\n<h1>Volumenlizenzen \u2013 auch gebraucht f\u00fcr Unternehmen optimal<\/h1>\n<p>Egal ob neu oder gebraucht &#8211; Volumenlizenzen sind in der Regel die beste Option, wenn gleich mehrere Lizenzen auf einmal ben\u00f6tigt werden. Also optimal f\u00fcr Unternehmen. Sie erhalten beim Kauf einen Datentr\u00e4ger und einen Aktivierungsschl\u00fcssel. Die Software kann vom Administrator auf mehreren Ger\u00e4ten und f\u00fcr mehrere Nutzer ausgerollt und aktiviert werden. Das spart Zeit und Arbeit![\/vc_column_text][vc_row_inner equal_height=&#8220;yes&#8220; el_class=&#8220;whiteboxes&#8220;][vc_column_inner width=&#8220;1\/3&#8243;]<div class=\"text-center\"><img decoding=\"async\" src=\"https:\/\/www.usedsoft.com\/i\/wp-content\/themes\/usedsoft\/svg\/zeitsparen.svg\"><\/div>[vc_column_text]<\/p>\n<h3 style=\"text-align: center;\">Schnelle Aktivierung<\/h3>\n<p style=\"text-align: center;\">F\u00fcr Volumenlizenzen gibt es einen praktischen &#8222;Key Management Service&#8220;, mit dem sich mehrere Ger\u00e4te in einem Netzwerk aktivieren lassen. Wie das funktioniert erfahren Sie <a href=\"https:\/\/www.usedsoft.com\/i\/volumenlizenzen\/#aktivierung\">hier<\/a>.<\/p>\n<p>[\/vc_column_text][\/vc_column_inner][vc_column_inner width=&#8220;1\/3&#8243;]<div class=\"text-center\"><img decoding=\"async\" src=\"https:\/\/www.usedsoft.com\/i\/wp-content\/themes\/usedsoft\/svg\/sparschwein.svg\"><\/div>[vc_column_text]<\/p>\n<h3 style=\"text-align: center;\">Einfacher &amp; g\u00fcnstiger<\/h3>\n<p style=\"text-align: center;\">Volumenlizenzen sind in der Regel nicht nur grunds\u00e4tzlich g\u00fcnstiger. Durch die einfachere Beschaffung und die M\u00f6glichkeit, die Lizenzen und Keys zentral und effizient zu managen, sinken auch die Gesamtkosten.<\/p>\n<p>[\/vc_column_text][\/vc_column_inner][vc_column_inner width=&#8220;1\/3&#8243;]<div class=\"text-center\"><img decoding=\"async\" src=\"https:\/\/www.usedsoft.com\/i\/wp-content\/themes\/usedsoft\/svg\/volumenlizenzen.svg\"><\/div>[vc_column_text]<\/p>\n<h3 style=\"text-align: center;\">Besondere Nutzungsrechte<\/h3>\n<p style=\"text-align: center;\">Bestimmte Funktionen sind nur mit Volumenlizenzen m\u00f6glich: Zum Beispiel sind sie terminalf\u00e4hig. Der Rechteinhaber kann virtuelle Desktopinfrastrukturen nutzen. Und sie lassen sich bei Bedarf auch downgraden.<\/p>\n<p>[\/vc_column_text][\/vc_column_inner][\/vc_row_inner][\/vc_column][\/vc_row][\/vc_section][vc_section][vc_row][vc_column][vc_row_inner][vc_column_inner][vc_text_separator title=&#8220;N\u00fctzliche Videos zu Volumenlizenzen&#8220; title_align=&#8220;separator_align_left&#8220;][\/vc_column_inner][\/vc_row_inner][vc_row_inner][vc_column_inner width=&#8220;5\/12&#8243;][vc_column_text]<\/p>\n<h3>Welche Lizenzarten gibt es?<\/h3>\n<p>In diesem Video erkl\u00e4ren wir Ihnen die Unterschiede zwischen den g\u00e4ngigen Lizenzarten von Microsoft: FPP, OEM und Volumenlizenzen.[\/vc_column_text][\/vc_column_inner][vc_column_inner width=&#8220;1\/12&#8243;][\/vc_column_inner][vc_column_inner width=&#8220;6\/12&#8243;][vc_video link=&#8220;https:\/\/youtu.be\/WHSkXnWc_Dk&#8220;][\/vc_column_inner][\/vc_row_inner][vc_row_inner el_id=&#8220;aktivierung&#8220;][vc_column_inner width=&#8220;5\/12&#8243;][vc_column_text]<\/p>\n<h3>Volumenlizenzen aktivieren<\/h3>\n<p>In diesem Tutorial erfahren Sie, wie Sie Ihre Volumenlizenzen am besten aktivieren: per MAK (Multiple Activation Key) oder per KMS (Key Management Service).[\/vc_column_text][\/vc_column_inner][vc_column_inner width=&#8220;1\/12&#8243;][\/vc_column_inner][vc_column_inner width=&#8220;6\/12&#8243;][vc_video link=&#8220;https:\/\/youtu.be\/dN3aE8wF1hg&#8220;][\/vc_column_inner][\/vc_row_inner][vc_row_inner][vc_column_inner width=&#8220;5\/12&#8243;][vc_column_text]<\/p>\n<h3>Server als KMS Host aufsetzen<\/h3>\n<p>In diesem Video erkl\u00e4ren wir Ihnen, wie Sie einen KMS-Host auf Ihrem Windows-Server aufsetzen.[\/vc_column_text][\/vc_column_inner][vc_column_inner width=&#8220;1\/12&#8243;][\/vc_column_inner][vc_column_inner width=&#8220;6\/12&#8243;][vc_video link=&#8220;https:\/\/youtu.be\/lZGyKwEEevo&#8220;][\/vc_column_inner][\/vc_row_inner][vc_row_inner][vc_column_inner width=&#8220;5\/12&#8243;][vc_column_text]<\/p>\n<h3>PC als KMS Host aufsetzen<\/h3>\n<p>In diesem Video erkl\u00e4ren wir Ihnen, wie Sie einen PC in Ihrem Netzwerk als KMS-Host einsetzen k\u00f6nnen.[\/vc_column_text][\/vc_column_inner][vc_column_inner width=&#8220;1\/12&#8243;][\/vc_column_inner][vc_column_inner width=&#8220;6\/12&#8243;][vc_video link=&#8220;https:\/\/youtu.be\/nPTaTKjdTlM&#8220;][\/vc_column_inner][\/vc_row_inner][vc_row_inner][vc_column_inner][vc_text_separator title=&#8220;Rechtslage zu Volumenlizenzen&#8220; title_align=&#8220;separator_align_left&#8220;][\/vc_column_inner][\/vc_row_inner][vc_row_inner][vc_column_inner width=&#8220;1\/12&#8243;][\/vc_column_inner][vc_column_inner width=&#8220;10\/12&#8243;][vc_column_text]<\/p>\n<h3>D\u00fcrfen einzelne Lizenzen aus Volumenlizenzvertr\u00e4gen weiterverkauft werden?<\/h3>\n<p>Ja.\u00a0Bereits aus dem <a href=\"http:\/\/curia.europa.eu\/jcms\/upload\/docs\/application\/pdf\/2012-07\/cp120094de.pdf\" target=\"_blank\" rel=\"noopener\">EuGH-Urteil<\/a> usedSoft\/Oracle ergibt sich, dass bei jedem einzelnen Programm, das k\u00e4uflich erworben wird, die sogenannte &#8222;Ersch\u00f6pfung&#8220; eintritt. Dabei ist es unerheblich, ob die einzelnen Programme im Rahmen eines Volumenlizenzvertrags ver\u00e4u\u00dfert werden.<\/p>\n<p>Dieser Auffassung hat sich auch das <a href=\"https:\/\/www.usedsoft.com\/wp\/wp-content\/uploads\/2019\/02\/OLG_FFM.pdf\" target=\"_blank\" rel=\"noopener\">Oberlandesgericht Frankfurt<\/a> in einer Entscheidung vom Dezember 2012 angeschlossen. Es stellte fest, dass der Weiterverkauf von einzelnen Lizenzen, die urspr\u00fcnglich im Rahmen eines Volumenlizenzvertrags erworben wurden, \u201enicht zu der Annahme (f\u00fchrt), dass hier eine unzul\u00e4ssige Aufspaltung erfolgte.\u201c[\/vc_column_text]<div class='usButton '><a href=\"https:\/\/www.usedsoft.com\/i\/rechtslage\/\" class='btn btn-primary mb-3' target=\"\" rel=\"\">Mehr zu rechtlichen Themen<\/a><\/div>[\/vc_column_inner][vc_column_inner width=&#8220;1\/12&#8243;][\/vc_column_inner][\/vc_row_inner][\/vc_column][\/vc_row][vc_row][vc_column]<\/div><\/div><\/div><\/div><\/div>\r\n<div id=\"linkBanner\" class=\"container-fluid bg-primary mb-5\">\r\n    <div class=\"container\">\r\n        <div class=\"row my-5\">\r\n            <div class=\"col my-3\">\r\n                <div class=\"inner h-100\">\r\n                    <h3>Lizenzen kaufen<\/h3>\r\n\r\n                    <a href=\"\/\" class=\"btn btn-white mt-5\">mehr Informationen<\/a>\r\n                <\/div>\r\n            <\/div>\r\n            <div class=\"col my-3\">\r\n                <div class=\"inner h-100\">\r\n                    <h3>Lizenzen verkaufen<\/h3>\r\n\r\n                    <a href=\"\/de\/Lizenzen-verkaufen\/\" class=\"btn btn-white mt-5\">mehr Informationen<\/a>\r\n                <\/div>\r\n            <\/div>\r\n            <div class=\"col my-3\">\r\n                <div class=\"inner h-100\">\r\n                    <h3>Sonderaktion<\/h3>\r\n                    <a href=\"\/de\/Sonderaktion\/\" class=\"btn btn-white mt-5\">mehr Informationen<\/a>\r\n                <\/div>\r\n            <\/div>\r\n        <\/div>\r\n    <\/div>\r\n\r\n<\/div>\r\n<div class=\"container\"><div><div><div><div>\r\n\r\n\r\n[\/vc_column][\/vc_row][\/vc_section]<\/p>\n","protected":false},"excerpt":{"rendered":"<p>[vc_section el_class=&#8220;introBlock&#8220;][vc_row][vc_column][vc_single_image image=&#8220;5914&#8243; img_size=&#8220;600&#215;600&#8243; alignment=&#8220;center&#8220;][vc_column_text] Volumenlizenzen \u2013 auch gebraucht f\u00fcr Unternehmen optimal Egal ob neu oder gebraucht &#8211; Volumenlizenzen sind in der Regel die beste Option, wenn gleich mehrere Lizenzen auf einmal ben\u00f6tigt werden. Also optimal f\u00fcr Unternehmen. Sie erhalten beim Kauf einen Datentr\u00e4ger und einen Aktivierungsschl\u00fcssel. Die Software kann vom Administrator auf mehreren Ger\u00e4ten [&hellip;]<\/p>\n","protected":false},"author":4,"featured_media":0,"parent":0,"menu_order":0,"comment_status":"closed","ping_status":"closed","template":"","meta":{"footnotes":""},"class_list":["post-3214","page","type-page","status-publish","hentry"],"yoast_head":"<!-- This site is optimized with the Yoast SEO plugin v23.3 - https:\/\/yoast.com\/wordpress\/plugins\/seo\/ -->\n<title>Volumenlizenzen | usedSoft<\/title>\n<meta name=\"description\" content=\"Auch gebraucht sind Volumenlizenzen optimal. Sie lassen sich zentral verwalten und kommen mit n\u00fctzlichen Zusatzrechten.\" \/>\n<meta name=\"robots\" content=\"index, follow, max-snippet:-1, max-image-preview:large, max-video-preview:-1\" \/>\n<link rel=\"canonical\" href=\"https:\/\/www.usedsoft.com\/i\/volumenlizenzen\/\" \/>\n<meta property=\"og:locale\" content=\"de_DE\" \/>\n<meta property=\"og:type\" content=\"article\" \/>\n<meta property=\"og:title\" content=\"Volumenlizenzen | usedSoft\" \/>\n<meta property=\"og:description\" content=\"Auch gebraucht sind Volumenlizenzen optimal. Sie lassen sich zentral verwalten und kommen mit n\u00fctzlichen Zusatzrechten.\" \/>\n<meta property=\"og:url\" content=\"https:\/\/www.usedsoft.com\/i\/volumenlizenzen\/\" \/>\n<meta property=\"og:site_name\" content=\"usedSoft\" \/>\n<meta property=\"article:modified_time\" content=\"2023-04-06T13:43:11+00:00\" \/>\n<meta property=\"og:image\" content=\"https:\/\/www.usedsoft.com\/i\/wp-content\/uploads\/2022\/11\/volumenlizenzen.jpg\" \/>\n\t<meta property=\"og:image:width\" content=\"600\" \/>\n\t<meta property=\"og:image:height\" content=\"600\" \/>\n\t<meta property=\"og:image:type\" content=\"image\/jpeg\" \/>\n<meta name=\"twitter:card\" content=\"summary_large_image\" \/>\n<meta name=\"twitter:title\" content=\"Volumenlizenzen | usedSoft\" \/>\n<meta name=\"twitter:description\" content=\"Auch gebraucht sind Volumenlizenzen optimal. Sie lassen sich zentral verwalten und kommen mit n\u00fctzlichen Zusatzrechten.\" \/>\n<meta name=\"twitter:image\" content=\"https:\/\/www.usedsoft.com\/i\/wp-content\/uploads\/2022\/11\/volumenlizenzen.jpg\" \/>\n<meta name=\"twitter:label1\" content=\"Gesch\u00e4tzte Lesezeit\" \/>\n\t<meta name=\"twitter:data1\" content=\"3\u00a0Minuten\" \/>\n<script type=\"application\/ld+json\" class=\"yoast-schema-graph\">{\"@context\":\"https:\/\/schema.org\",\"@graph\":[{\"@type\":\"WebPage\",\"@id\":\"https:\/\/www.usedsoft.com\/i\/volumenlizenzen\/\",\"url\":\"https:\/\/www.usedsoft.com\/i\/volumenlizenzen\/\",\"name\":\"Volumenlizenzen | usedSoft\",\"isPartOf\":{\"@id\":\"https:\/\/www.usedsoft.com\/i\/#website\"},\"datePublished\":\"2022-07-14T07:43:11+00:00\",\"dateModified\":\"2023-04-06T13:43:11+00:00\",\"description\":\"Auch gebraucht sind Volumenlizenzen optimal. Sie lassen sich zentral verwalten und kommen mit n\u00fctzlichen Zusatzrechten.\",\"breadcrumb\":{\"@id\":\"https:\/\/www.usedsoft.com\/i\/volumenlizenzen\/#breadcrumb\"},\"inLanguage\":\"de\",\"potentialAction\":[{\"@type\":\"ReadAction\",\"target\":[\"https:\/\/www.usedsoft.com\/i\/volumenlizenzen\/\"]}]},{\"@type\":\"BreadcrumbList\",\"@id\":\"https:\/\/www.usedsoft.com\/i\/volumenlizenzen\/#breadcrumb\",\"itemListElement\":[{\"@type\":\"ListItem\",\"position\":1,\"name\":\"Startseite\",\"item\":\"https:\/\/www.usedsoft.com\/i\/\"},{\"@type\":\"ListItem\",\"position\":2,\"name\":\"Volumenlizenzen\"}]},{\"@type\":\"WebSite\",\"@id\":\"https:\/\/www.usedsoft.com\/i\/#website\",\"url\":\"https:\/\/www.usedsoft.com\/i\/\",\"name\":\"usedSoft\",\"description\":\"\",\"potentialAction\":[{\"@type\":\"SearchAction\",\"target\":{\"@type\":\"EntryPoint\",\"urlTemplate\":\"https:\/\/www.usedsoft.com\/i\/?s={search_term_string}\"},\"query-input\":\"required name=search_term_string\"}],\"inLanguage\":\"de\"}]}<\/script>\n<!-- \/ Yoast SEO plugin. -->","yoast_head_json":{"title":"Volumenlizenzen | usedSoft","description":"Auch gebraucht sind Volumenlizenzen optimal. Sie lassen sich zentral verwalten und kommen mit n\u00fctzlichen Zusatzrechten.","robots":{"index":"index","follow":"follow","max-snippet":"max-snippet:-1","max-image-preview":"max-image-preview:large","max-video-preview":"max-video-preview:-1"},"canonical":"https:\/\/www.usedsoft.com\/i\/volumenlizenzen\/","og_locale":"de_DE","og_type":"article","og_title":"Volumenlizenzen | usedSoft","og_description":"Auch gebraucht sind Volumenlizenzen optimal. Sie lassen sich zentral verwalten und kommen mit n\u00fctzlichen Zusatzrechten.","og_url":"https:\/\/www.usedsoft.com\/i\/volumenlizenzen\/","og_site_name":"usedSoft","article_modified_time":"2023-04-06T13:43:11+00:00","og_image":[{"width":600,"height":600,"url":"https:\/\/www.usedsoft.com\/i\/wp-content\/uploads\/2022\/11\/volumenlizenzen.jpg","type":"image\/jpeg"}],"twitter_card":"summary_large_image","twitter_title":"Volumenlizenzen | usedSoft","twitter_description":"Auch gebraucht sind Volumenlizenzen optimal. Sie lassen sich zentral verwalten und kommen mit n\u00fctzlichen Zusatzrechten.","twitter_image":"https:\/\/www.usedsoft.com\/i\/wp-content\/uploads\/2022\/11\/volumenlizenzen.jpg","twitter_misc":{"Gesch\u00e4tzte Lesezeit":"3\u00a0Minuten"},"schema":{"@context":"https:\/\/schema.org","@graph":[{"@type":"WebPage","@id":"https:\/\/www.usedsoft.com\/i\/volumenlizenzen\/","url":"https:\/\/www.usedsoft.com\/i\/volumenlizenzen\/","name":"Volumenlizenzen | usedSoft","isPartOf":{"@id":"https:\/\/www.usedsoft.com\/i\/#website"},"datePublished":"2022-07-14T07:43:11+00:00","dateModified":"2023-04-06T13:43:11+00:00","description":"Auch gebraucht sind Volumenlizenzen optimal. Sie lassen sich zentral verwalten und kommen mit n\u00fctzlichen Zusatzrechten.","breadcrumb":{"@id":"https:\/\/www.usedsoft.com\/i\/volumenlizenzen\/#breadcrumb"},"inLanguage":"de","potentialAction":[{"@type":"ReadAction","target":["https:\/\/www.usedsoft.com\/i\/volumenlizenzen\/"]}]},{"@type":"BreadcrumbList","@id":"https:\/\/www.usedsoft.com\/i\/volumenlizenzen\/#breadcrumb","itemListElement":[{"@type":"ListItem","position":1,"name":"Startseite","item":"https:\/\/www.usedsoft.com\/i\/"},{"@type":"ListItem","position":2,"name":"Volumenlizenzen"}]},{"@type":"WebSite","@id":"https:\/\/www.usedsoft.com\/i\/#website","url":"https:\/\/www.usedsoft.com\/i\/","name":"usedSoft","description":"","potentialAction":[{"@type":"SearchAction","target":{"@type":"EntryPoint","urlTemplate":"https:\/\/www.usedsoft.com\/i\/?s={search_term_string}"},"query-input":"required name=search_term_string"}],"inLanguage":"de"}]}},"_links":{"self":[{"href":"https:\/\/www.usedsoft.com\/i\/wp-json\/wp\/v2\/pages\/3214","targetHints":{"allow":["GET"]}}],"collection":[{"href":"https:\/\/www.usedsoft.com\/i\/wp-json\/wp\/v2\/pages"}],"about":[{"href":"https:\/\/www.usedsoft.com\/i\/wp-json\/wp\/v2\/types\/page"}],"author":[{"embeddable":true,"href":"https:\/\/www.usedsoft.com\/i\/wp-json\/wp\/v2\/users\/4"}],"replies":[{"embeddable":true,"href":"https:\/\/www.usedsoft.com\/i\/wp-json\/wp\/v2\/comments?post=3214"}],"version-history":[{"count":93,"href":"https:\/\/www.usedsoft.com\/i\/wp-json\/wp\/v2\/pages\/3214\/revisions"}],"predecessor-version":[{"id":6471,"href":"https:\/\/www.usedsoft.com\/i\/wp-json\/wp\/v2\/pages\/3214\/revisions\/6471"}],"wp:attachment":[{"href":"https:\/\/www.usedsoft.com\/i\/wp-json\/wp\/v2\/media?parent=3214"}],"curies":[{"name":"wp","href":"https:\/\/api.w.org\/{rel}","templated":true}]}}